{"id":61,"date":"2018-11-08T15:09:18","date_gmt":"2018-11-08T14:09:18","guid":{"rendered":"http:\/\/shapa01.fr\/?page_id=61"},"modified":"2025-11-17T17:09:40","modified_gmt":"2025-11-17T16:09:40","slug":"accueil","status":"publish","type":"page","link":"https:\/\/shapa01.fr\/","title":{"rendered":"Accueil"},"content":{"rendered":"<p><strong><span style=\"color: #000080;\">Fond\u00e9e en 1977, membre de Patrimoine des Pays de l\u2019Ain, SHAPA r\u00e9unit des passionn\u00e9s qui se retrouvent pour :<\/span><\/strong><\/p>\n<ul>\n<li><span style=\"color: #000080;\">rechercher, recenser, conserver, mettre en valeur les richesses arch\u00e9ologiques de la Plaine de l\u2019Ain et tous documents se rapportant \u00e0 son histoire ;<\/span><\/li>\n<li><span style=\"color: #000080;\">sensibiliser \u00e0 tout patrimoine arch\u00e9ologique, historique, architectural, artistique, industriel en organisant des expositions, des conf\u00e9rences, des visites et voyages de plusieurs jours ;<\/span><\/li>\n<li><span style=\"color: #000080;\">inventorier et sauvegarder tous les documents susceptibles d\u2019enrichir les archives locales.<\/span><\/li>\n<\/ul>\n\n\n<figure class=\"wp-block-image size-full is-resized\"><img loading=\"lazy\" decoding=\"async\" width=\"2000\" height=\"1299\" src=\"https:\/\/shapa01.fr\/wp-content\/uploads\/2018\/11\/cropped-Logo-SHAPA.jpg\" alt=\"\" class=\"wp-image-106\" style=\"width:258px;height:180px\" srcset=\"https:\/\/shapa01.fr\/wp-content\/uploads\/2018\/11\/cropped-Logo-SHAPA.jpg 2000w, https:\/\/shapa01.fr\/wp-content\/uploads\/2018\/11\/cropped-Logo-SHAPA-300x195.jpg 300w, https:\/\/shapa01.fr\/wp-content\/uploads\/2018\/11\/cropped-Logo-SHAPA-768x499.jpg 768w, https:\/\/shapa01.fr\/wp-content\/uploads\/2018\/11\/cropped-Logo-SHAPA-1024x665.jpg 1024w\" sizes=\"auto, (max-width: 767px) 89vw, (max-width: 1000px) 54vw, (max-width: 1071px) 543px, 580px\" \/><\/figure>\n","protected":false},"excerpt":{"rendered":"<p>Fond\u00e9e en 1977, membre de Patrimoine des Pays de l\u2019Ain, SHAPA r\u00e9unit des passionn\u00e9s qui se retrouvent pour : rechercher, recenser, conserver, mettre en valeur les richesses arch\u00e9ologiques de la Plaine de l\u2019Ain et tous documents se rapportant \u00e0 son histoire ; sensibiliser \u00e0 tout patrimoine arch\u00e9ologique, historique, architectural, artistique, industriel en organisant des expositions, &hellip; <\/p>\n<p class=\"link-more\"><a href=\"https:\/\/shapa01.fr\/\" class=\"more-link\">Continuer la lecture<span class=\"screen-reader-text\"> de &laquo;&nbsp;Accueil&nbsp;&raquo;<\/span><\/a><\/p>\n","protected":false},"author":1,"featured_media":111,"parent":0,"menu_order":0,"comment_status":"closed","ping_status":"closed","template":"","meta":{"footnotes":""},"class_list":["post-61","page","type-page","status-publish","has-post-thumbnail","hentry"],"yoast_head":"<!-- This site is optimized with the Yoast SEO plugin v27.4 - https:\/\/yoast.com\/product\/yoast-seo-wordpress\/ -->\n<title>Accueil - SHAPA<\/title>\n<meta name=\"robots\" content=\"index, follow, max-snippet:-1, max-image-preview:large, max-video-preview:-1\" \/>\n<link rel=\"canonical\" href=\"https:\/\/shapa01.fr\/\" \/>\n<meta property=\"og:locale\" content=\"fr_FR\" \/>\n<meta property=\"og:type\" content=\"article\" \/>\n<meta property=\"og:title\" content=\"Accueil - SHAPA\" \/>\n<meta property=\"og:description\" content=\"Fond\u00e9e en 1977, membre de Patrimoine des Pays de l\u2019Ain, SHAPA r\u00e9unit des passionn\u00e9s qui se retrouvent pour : rechercher, recenser, conserver, mettre en valeur les richesses arch\u00e9ologiques de la Plaine de l\u2019Ain et tous documents se rapportant \u00e0 son histoire ; sensibiliser \u00e0 tout patrimoine arch\u00e9ologique, historique, architectural, artistique, industriel en organisant des expositions, &hellip; Continuer la lecture de &laquo;&nbsp;Accueil&nbsp;&raquo;\" \/>\n<meta property=\"og:url\" content=\"https:\/\/shapa01.fr\/\" \/>\n<meta property=\"og:site_name\" content=\"SHAPA\" \/>\n<meta property=\"article:modified_time\" content=\"2025-11-17T16:09:40+00:00\" \/>\n<meta property=\"og:image\" content=\"https:\/\/shapa01.fr\/wp-content\/uploads\/2018\/11\/IMG_1502-1024x683.jpg\" \/>\n\t<meta property=\"og:image:width\" content=\"1024\" \/>\n\t<meta property=\"og:image:height\" content=\"683\" \/>\n\t<meta property=\"og:image:type\" content=\"image\/jpeg\" \/>\n<meta name=\"twitter:card\" content=\"summary_large_image\" \/>\n<meta name=\"twitter:label1\" content=\"Dur\u00e9e de lecture estim\u00e9e\" \/>\n\t<meta name=\"twitter:data1\" content=\"1 minute\" \/>\n<script type=\"application\/ld+json\" class=\"yoast-schema-graph\">{\"@context\":\"https:\\\/\\\/schema.org\",\"@graph\":[{\"@type\":\"WebPage\",\"@id\":\"https:\\\/\\\/shapa01.fr\\\/\",\"url\":\"https:\\\/\\\/shapa01.fr\\\/\",\"name\":\"Accueil - SHAPA\",\"isPartOf\":{\"@id\":\"https:\\\/\\\/shapa01.fr\\\/#website\"},\"primaryImageOfPage\":{\"@id\":\"https:\\\/\\\/shapa01.fr\\\/#primaryimage\"},\"image\":{\"@id\":\"https:\\\/\\\/shapa01.fr\\\/#primaryimage\"},\"thumbnailUrl\":\"https:\\\/\\\/shapa01.fr\\\/wp-content\\\/uploads\\\/2018\\\/11\\\/IMG_1502.jpg\",\"datePublished\":\"2018-11-08T14:09:18+00:00\",\"dateModified\":\"2025-11-17T16:09:40+00:00\",\"breadcrumb\":{\"@id\":\"https:\\\/\\\/shapa01.fr\\\/#breadcrumb\"},\"inLanguage\":\"fr-FR\",\"potentialAction\":[{\"@type\":\"ReadAction\",\"target\":[\"https:\\\/\\\/shapa01.fr\\\/\"]}]},{\"@type\":\"ImageObject\",\"inLanguage\":\"fr-FR\",\"@id\":\"https:\\\/\\\/shapa01.fr\\\/#primaryimage\",\"url\":\"https:\\\/\\\/shapa01.fr\\\/wp-content\\\/uploads\\\/2018\\\/11\\\/IMG_1502.jpg\",\"contentUrl\":\"https:\\\/\\\/shapa01.fr\\\/wp-content\\\/uploads\\\/2018\\\/11\\\/IMG_1502.jpg\",\"width\":3984,\"height\":2656},{\"@type\":\"BreadcrumbList\",\"@id\":\"https:\\\/\\\/shapa01.fr\\\/#breadcrumb\",\"itemListElement\":[{\"@type\":\"ListItem\",\"position\":1,\"name\":\"Accueil\",\"item\":\"https:\\\/\\\/shapa01.fr\\\/\"},{\"@type\":\"ListItem\",\"position\":2,\"name\":\"Accueil\"}]},{\"@type\":\"WebSite\",\"@id\":\"https:\\\/\\\/shapa01.fr\\\/#website\",\"url\":\"https:\\\/\\\/shapa01.fr\\\/\",\"name\":\"SHAPA\",\"description\":\"Soci\u00e9t\u00e9 d&#039;Histoire et d&#039;Arch\u00e9ologie de la Plaine de l&#039;Ain\",\"potentialAction\":[{\"@type\":\"SearchAction\",\"target\":{\"@type\":\"EntryPoint\",\"urlTemplate\":\"https:\\\/\\\/shapa01.fr\\\/?s={search_term_string}\"},\"query-input\":{\"@type\":\"PropertyValueSpecification\",\"valueRequired\":true,\"valueName\":\"search_term_string\"}}],\"inLanguage\":\"fr-FR\"}]}<\/script>\n<!-- \/ Yoast SEO plugin. -->","yoast_head_json":{"title":"Accueil - SHAPA","robots":{"index":"index","follow":"follow","max-snippet":"max-snippet:-1","max-image-preview":"max-image-preview:large","max-video-preview":"max-video-preview:-1"},"canonical":"https:\/\/shapa01.fr\/","og_locale":"fr_FR","og_type":"article","og_title":"Accueil - SHAPA","og_description":"Fond\u00e9e en 1977, membre de Patrimoine des Pays de l\u2019Ain, SHAPA r\u00e9unit des passionn\u00e9s qui se retrouvent pour : rechercher, recenser, conserver, mettre en valeur les richesses arch\u00e9ologiques de la Plaine de l\u2019Ain et tous documents se rapportant \u00e0 son histoire ; sensibiliser \u00e0 tout patrimoine arch\u00e9ologique, historique, architectural, artistique, industriel en organisant des expositions, &hellip; Continuer la lecture de &laquo;&nbsp;Accueil&nbsp;&raquo;","og_url":"https:\/\/shapa01.fr\/","og_site_name":"SHAPA","article_modified_time":"2025-11-17T16:09:40+00:00","og_image":[{"width":1024,"height":683,"url":"https:\/\/shapa01.fr\/wp-content\/uploads\/2018\/11\/IMG_1502-1024x683.jpg","type":"image\/jpeg"}],"twitter_card":"summary_large_image","twitter_misc":{"Dur\u00e9e de lecture estim\u00e9e":"1 minute"},"schema":{"@context":"https:\/\/schema.org","@graph":[{"@type":"WebPage","@id":"https:\/\/shapa01.fr\/","url":"https:\/\/shapa01.fr\/","name":"Accueil - SHAPA","isPartOf":{"@id":"https:\/\/shapa01.fr\/#website"},"primaryImageOfPage":{"@id":"https:\/\/shapa01.fr\/#primaryimage"},"image":{"@id":"https:\/\/shapa01.fr\/#primaryimage"},"thumbnailUrl":"https:\/\/shapa01.fr\/wp-content\/uploads\/2018\/11\/IMG_1502.jpg","datePublished":"2018-11-08T14:09:18+00:00","dateModified":"2025-11-17T16:09:40+00:00","breadcrumb":{"@id":"https:\/\/shapa01.fr\/#breadcrumb"},"inLanguage":"fr-FR","potentialAction":[{"@type":"ReadAction","target":["https:\/\/shapa01.fr\/"]}]},{"@type":"ImageObject","inLanguage":"fr-FR","@id":"https:\/\/shapa01.fr\/#primaryimage","url":"https:\/\/shapa01.fr\/wp-content\/uploads\/2018\/11\/IMG_1502.jpg","contentUrl":"https:\/\/shapa01.fr\/wp-content\/uploads\/2018\/11\/IMG_1502.jpg","width":3984,"height":2656},{"@type":"BreadcrumbList","@id":"https:\/\/shapa01.fr\/#breadcrumb","itemListElement":[{"@type":"ListItem","position":1,"name":"Accueil","item":"https:\/\/shapa01.fr\/"},{"@type":"ListItem","position":2,"name":"Accueil"}]},{"@type":"WebSite","@id":"https:\/\/shapa01.fr\/#website","url":"https:\/\/shapa01.fr\/","name":"SHAPA","description":"Soci\u00e9t\u00e9 d&#039;Histoire et d&#039;Arch\u00e9ologie de la Plaine de l&#039;Ain","potentialAction":[{"@type":"SearchAction","target":{"@type":"EntryPoint","urlTemplate":"https:\/\/shapa01.fr\/?s={search_term_string}"},"query-input":{"@type":"PropertyValueSpecification","valueRequired":true,"valueName":"search_term_string"}}],"inLanguage":"fr-FR"}]}},"_links":{"self":[{"href":"https:\/\/shapa01.fr\/index.php?rest_route=\/wp\/v2\/pages\/61","targetHints":{"allow":["GET"]}}],"collection":[{"href":"https:\/\/shapa01.fr\/index.php?rest_route=\/wp\/v2\/pages"}],"about":[{"href":"https:\/\/shapa01.fr\/index.php?rest_route=\/wp\/v2\/types\/page"}],"author":[{"embeddable":true,"href":"https:\/\/shapa01.fr\/index.php?rest_route=\/wp\/v2\/users\/1"}],"replies":[{"embeddable":true,"href":"https:\/\/shapa01.fr\/index.php?rest_route=%2Fwp%2Fv2%2Fcomments&post=61"}],"version-history":[{"count":11,"href":"https:\/\/shapa01.fr\/index.php?rest_route=\/wp\/v2\/pages\/61\/revisions"}],"predecessor-version":[{"id":475,"href":"https:\/\/shapa01.fr\/index.php?rest_route=\/wp\/v2\/pages\/61\/revisions\/475"}],"wp:featuredmedia":[{"embeddable":true,"href":"https:\/\/shapa01.fr\/index.php?rest_route=\/wp\/v2\/media\/111"}],"wp:attachment":[{"href":"https:\/\/shapa01.fr\/index.php?rest_route=%2Fwp%2Fv2%2Fmedia&parent=61"}],"curies":[{"name":"wp","href":"https:\/\/api.w.org\/{rel}","templated":true}]}}